t are the prime factors of d?
5
Suppose 0*b - 3*b - x = -78, -4*b = 2*x - 104. What are the prime factors of b?
2, 13
Suppose -3*y - 54 = -p + 38, -3*p + 288 = -5*y. List the prime factors of p.
101
Suppose -3*x + 3*q + 22 = -2, 2 = 4*x + 2*q. List the prime factors of x.
3
Let d = -47 - -77. What are the prime factors of 1/(21/d)*35?
2, 5
Let a be 3 + (-2 - 0 - 1). Suppose a*t - 20 = -2*t + 4*f, -4*f - 28 = -4*t. Let c = t + -2. What are the prime factors of c?
2
Let s be (2 - 0)/((-2)/(-3)). Suppose 185 = 5*h - 5*d, 38 = -5*h + s*d + 219. List the prime factors of h.
5, 7
Let k = 13 - 9. Let m = k + 4. What are the prime factors of m?
2
Suppose -11*a = -6*a - 440. List the prime factors of a.
2, 11
What are the prime factors of -3 + 6 + -5 - -61?
59
Let h(l) be the third derivative of l**5/60 + l**4/3 + 5*l**3/6 - l**2. What are the prime factors of h(-9)?
2, 7
Let w be (-12)/(-8) - 2/4. Let z be -1 + 3 + 5 + w. Suppose 0 = 5*n - 53 + z. List the prime factors of n.
3
Suppose -6*t + 7*t - 131 = 0. What are the prime factors of t?
131
Let s(j) = -4*j - 3. Let h = 1 + -6. Let r be s(h). Let m = r + -11. List the prime factors of m.
2, 3
Let x = -8 + 5. Let y = 0 - x. Let k(z) = z. What are the prime factors of k(y)?
3
Let a(x) = 47*x**2 - 2*x + 2. What are the prime factors of a(1)?
47
Let x(d) = d**3 - 23*d**2 + 27*d + 33. What are the prime factors of x(22)?
11, 13
List the prime factors of (-557)/(-4) + (3/(-12) - 0).
139
Suppose 0 = -7*q + 5*q - 50. Let b = -8 - q. List the prime factors of b.
17
Let a be (-128)/22 + (-2)/11. What are the prime factors of 6 - 4/a*-3?
2
Suppose -m + 0 = -101. List the prime factors of m.
101
Suppose 0 = 4*k + 2*f - 2, -1 + 2 = -3*k + f. Suppose k = -2*d - 10, 4*d = -3*b - d + 35. What are the prime factors of b?
2, 5
Suppose 3*p = -2*p + 2*q + 14, 0 = p - 2*q + 2. Let i be 1/p + (-95)/(-20). Suppose 20 = 5*a + 3*y - 2*y, -20 = -i*a - 4*y. List the prime factors of a.
2
Suppose -p = 0, 5*v + 4*p = -0*v + 35. Let w = 12 - 7. Suppose v = -3*g + 3*i + 34, i = w*g - 61. What are the prime factors of g?
13
What are the prime factors of (-60 - 120)/(0 - (-6)/(-4))?
2, 3, 5
Suppose -2*c + 32 = -0*c. List the prime factors of c.
2
Suppose -2*s = -0*s - 12. What are the prime factors of 25/3 + (-2)/s?
2
Let m = 1 - -4. List the prime factors of ((-2)/6)/(m/(-60)).
2
Suppose 0 = -2*a + 5*a - 402. What are the prime factors of a?
2, 67
Let b(z) = -z**2 - 4*z + 3. Let c(y) = -3*y**2 - 12*y + 10. Let o(i) = -7*b(i) + 2*c(i). Let k be o(-3). What are the prime factors of 17/2 + 2/k?
2
Let s = -122 + 194. List the prime factors of s.
2, 3
Let a be (-4)/8*-6*2. Suppose -201 = -a*m + m - 4*o, 0 = -4*m + o + 144. List the prime factors of m.
37
Suppose 2*a = -0*a + 8. Suppose -3*q = -2*t + 102, a*t + 76 = -5*q + 302. List the prime factors of t.
2, 3
Let p(d) be the second derivative of d**4/12 + 15*d**2/2 + 2*d. Suppose -3*c - 4*a = 2*c - 12, a - 3 = -3*c. What are the prime factors of p(c)?
3, 5
Suppose 423 = 5*s - 2*w - w, 81 = s + 3*w. What are the prime factors of s?
2, 3, 7
Let q(o) = -7*o - 6. Let s(k) = 4*k + 3. Let u(v) = 3*q(v) + 5*s(v). List the prime factors of u(-5).
2
Let u = 3 - -51. List the prime factors of u.
2, 3
Let b(s) = s**3 + 4*s**2 + 3*s. Suppose -7*k + 5 = v - 3*k, 4*v + 4 = -4*k. Let n be b(v). Suppose -r + 4 = -n*r. List the prime factors of r.
2
List the prime factors of 615/(-6)*8/(-10).
2, 41
Let w be (-22)/6*(-2 - -8). Let r = w - -38. What are the prime factors of r?
2
Suppose 2 + 6 = 2*p. List the prime factors of p/3 + 16/24.
2
Let j(r) = -3*r + 6*r**3 - 6*r**2 + 2*r - 1 - 2*r - 5*r**3. What are the prime factors of j(7)?
3
Let d be 0 + 2 + 39 - 1. Suppose 2*g + d = 7*g. What are the prime factors of 1/4 + 46/g?
2, 3
Let r(o) = -o**3 + o**2 + 2*o - 1. Let q be r(-2). Let m = q + 5. List the prime factors of m.
2, 3
List the prime factors of 2/6 - (-968)/12.
3
Suppose 8*r - 48 = 4*r. What are the prime factors of 1/(1 - r/15)?
5
Suppose -14 = -4*r + 3*t, 0*t = -5*r + 5*t + 20. Let i be 2*(r/(-4) - 0). What are the prime factors of -1 - (2 + 6)*i?
7
Let d = -5 + 18. Suppose 0 = -4*c + 3 + d. List the prime factors of c.
2
Let x be (-88)/(-6) - 2/(-6). Suppose -17 = 4*w - 3*a, -5*w + 2*a + 3*a = x. Let p(j) = j**2 + 6*j - 9. What are the prime factors of p(w)?
7
Let u(d) = -d**3 - 7*d**2 - d - 2. Let j be u(-7). Suppose -62 - 48 = -j*z. What are the prime factors of z?
2, 11
Let a(w) = w - 11. Let u be a(11). Suppose -m + 2 = -u*m. List the prime factors of m.
2
List the prime factors of 0 + (-3 + 2 - -34).
3, 11
Let t(x) = 8*x**2 - 2*x + 1. Let u(d) = -9*d**2 + 3*d - 1. Let b(o) = 6*t(o) + 5*u(o). Suppose k = y + 3*y + 13, 3*y - 9 = -3*k. List the prime factors of b(y).
7
Suppose 0 = -5*b - 0*b + 90. What are the prime factors of b + (-3)/(-12)*4?
19
Let h = -11 - -21. Let l be (-26)/10 + (-4)/h. What are the prime factors of l/(-3) + (-2)/(-1)?
3
Suppose -4*l - 1 = y + 15, 2*l + 26 = 4*y. Suppose 0*k = -2*k + y. What are the prime factors of k?
2
Let w = -56 + 158. What are the prime factors of w?
2, 3, 17
Let o(g) = 2 + 20*g - 2 + 5 - 6. List the prime factors of o(1).
19
Suppose -2*h = 2*h - 148. List the prime factors of h.
37
List the prime factors of (16/12)/(202/66 + -3).
2, 11
Let v(w) = -5*w + 6. Suppose -2 - 4 = m. List the prime factors of v(m).
2, 3
Suppose 2*c - 8 + 0 = 0. Suppose 2*k + 4*b - 24 = 0, k + k + 16 = c*b. List the prime factors of k.
2
What are the prime factors of (3 - 1716/(-6)) + 5?
2, 3, 7
Suppose 0 = -3*r + 4 + 2, v + r = 2. What are the prime factors of (v - (-3)/(-3))*-46?
2, 23
Let r = 53 - 31. Let i be (-9)/6*-1*2. Let s = r - i. List the prime factors of s.
19
Suppose 3*b + 2*b = -170. Let s = b + 50. List the prime factors of s.
2
List the prime factors of -3*(-7)/((-42)/(-284)).
2, 71
Let q = 87 - 61. List the prime factors of q - ((0 - 0) + 3).
23
Let b = -130 - -78. Let d = -36 - b. Suppose -l = -2*v - d, -2*l + 52 = 3*l + 4*v. List the prime factors of l.
2, 3
Let x(t) = -t**2 + 5*t + 1. Let l be (-12)/(-18)*(-12)/(-2). Let n be x(l). Suppose 5*w - 2 = 4*w - y, 0 = -n*w + y + 40. List the prime factors of w.
7
Let o = 0 + 3. Let c = 10 - o. Suppose c*x = 2*x + 65. List the prime factors of x.
13
Let f = 0 - -18. What are the prime factors of f?
2, 3
Let m(q) = 2*q + 8. Let x be m(-6). Let i = x - -2. What are the prime factors of ((-3)/9)/(i/30)?
5
Let n = -44 - -75. What are the prime factors of n?
31
Let n(p) = 17*p**2 - p. Let x be n(-1). Let m be 8/(-36) + (-68)/x. Let d(k) = -k**3 - 2*k**2 + 4*k + 3. List the prime factors of d(m).
19
Let a(l) = -l**2 + 12*l - 4. Let o be a(9). Suppose 3*b - 4*h = o, -h = -5*b + 63 - 19. What are the prime factors of b?
3
Suppose 2*m - 3*m = -70. Suppose 4*f - m = -f. What are the prime factors of f?
2, 7
Suppose 5*m - 2*f + 35 = 2*m, -4*f = 2*m + 18. Let p = -7 - m. List the prime factors of p.
2
Let k(s) = 4*s**3 - s**2 + 3*s - 3. Let g be k(2). Suppose -2*i = i - 132. Let w = i - g. List the prime factors of w.
13
Let k = 3 - 4. Let z = 3 + k. Let v = 7 - z. What are the prime factors of v?
5
Let v(j) = -j - 3. Let x(a) = -a**2 - 2*a - 2. Let r be x(-3). List the prime factors of v(r).
2
Let v be (-6)/12 + (-49)/(-2). Let k = 38 - v. Suppose 4*l - d - 2*d - k = 0, 2*l - 5*d = 14. List the prime factors of l.
2
Let s(a) = 4*a + 2. Let i(z) = -4*z - 2. Let h(x) = -3*i(x) - 2*s(x). What are the prime factors of h(2)?
2, 5
Let f = -357 + 251. Let q = 73 + f. Let p = 56 + q. What are the prime factors of p?
23
Let n(g) = -g**2 + 2*g + 4. Let t be n(4). Let c(p) = p**2 + 8*p + 2. Let y be c(t). Let v = -9 - y. What are the prime factors of v?
5
List the prime factors of 276 + (-5)/(15/(-12)).
2, 5, 7
Suppose -2*l - 3*l = -50. What are the prime factors of l?
2, 5
Let t be 3 - (-3)/(9/6). Suppose 9 = -t*o + 8*o. List the prime factors of o.
3
Let s(n) = n**3 + n**2 - 2*n - 3. Let k = -8 - -11. List the prime factors of s(k).
3
Suppose -3*d - 3*h + 5*h = -120, -3*d + 111 = -5*h. What are the prime factors of d?
2, 3, 7
Let g = 0 + -2. List the prime factors of ((-66)/4)/(1/g).
3, 11
Let i(t) be the second derivative of -t**5/10 - 5*t**4/12 - t**3/2 - 3*t**2 - 7*t. List the prime factors of i(-4).
2, 3
Suppose o + 4